etermine r(1).
-10
Let f(d) = -d**2. Suppose 9*s = -s + 40. Let h be (-21)/(-42) + 6/s. What is f(h)?
-4
Suppose 0 = 3*r - 8*r. Suppose -4*s + j + 16 = r, -s - s = -5*j + 10. Let m(l) = -l**2 + 7*l - 5. Determine m(s).
5
Let u(h) = h**2 + 0*h**3 + 9 - 7*h**2 - 9*h + h**3 + 0*h**2. Let f be 2*2 + -1 + -1. Let s be (7/(-4))/(f/(-8)). Calculate u(s).
-5
Let a be (-4 + 0)*((-1)/4 - -2). Let u(k) = k**3 + 8*k**2 + 3*k - 4. Determine u(a).
24
Let v(f) = f**2 + 8*f + 6. Let y be -4*(-1)/6 + (-42)/(-18). Suppose -1 + 19 = -y*g. Give v(g).
-6
Let g(t) = -t**2 - 4*t - 4. Let o be g(-4). Let x(y) be the third derivative of 19*y**2 + 5/24*y**4 + 0 + 1/60*y**5 + 0*y + 1/2*y**3. Determine x(o).
-1
Let v(w) = 2*w**3 + 8*w**2 - 10*w - 9. Let j(m) = 3*m**3 + 12*m**2 - 15*m - 13. Let l(y) = -5*j(y) + 7*v(y). Give l(-4).
-18
Let n be 2/(4/10) + 1. Let z(p) = -3*p + 1. Let a(x) = -32*x + 8. Let w(o) = 2*a(o) - 22*z(o). Determine w(n).
6
Suppose 0 = -2*c - 4*b + 48, -2*c - 2*b + 6*b = -48. Suppose -c = 6*o - 0*o. Let g(h) = h**2 - 3. Calculate g(o).
13
Let a = -58 - -63. Suppose 20 = 4*q + 2*h, -3*h + 0*h = 6. Let m(g) = -g - g**2 + 5*g + q + 0*g**2. Calculate m(a).
1
Suppose 6*s - 3*s + 135 = 0. Let r = 44 + s. Let n(v) = -16*v**2 + 1. What is n(r)?
-15
Let i be ((-5)/(-3))/(35/126) - 4. Let n(k) = 4 + k**3 - 6*k**2 + 10*k**i - k**2 - 4*k. Give n(-4).
4
Let a(v) = -3*v**2 - 9*v + 1. Let k(c) = -c**2 - 7*c - 5. Let f(g) = g**2 + 8*g + 6. Let s(w) = -6*f(w) - 7*k(w). Let y(q) = -a(q) - 4*s(q). What is y(6)?
-3
Let q(a) = a**2 - 3*a - 10. Let p(o) = 4*o**2 - 13*o - 40. Let t(v) = -2*p(v) + 9*q(v). Calculate t(7).
32
Let j = 179 + -178. Let y(i) = i**3 - 2*i + 3*i - i - 2*i**2. Calculate y(j).
-1
Let s(h) = 18*h + 1. Suppose 23*y = 55*y + 96. Give s(y).
-53
Let j = -30 - -33. Let d(r) = 11 - 1 + 4*r + 0*r - j*r. What is d(-7)?
3
Let y be (-3 + (6 - -2))*(-8)/10. Suppose 0 + 4 = -2*z. Let f(j) = -8. Let n(w) = w - 9. Let i(h) = z*n(h) + 3*f(h). Calculate i(y).
2
Suppose 0*i = 3*i - 5*l + 37, 5*l = 5*i + 45. Let w(d) = d**3 + 2*d**2 - 5*d - 6. Give w(i).
-18
Let y(j) be the second derivative of 11/2*j**2 + 0 + 14*j - 1/6*j**3. Calculate y(0).
11
Let y(q) = q**2 - 8. Let h = 34 - 24. Let n(o) be the third derivative of o**5/60 - 3*o**4/8 - 5*o**3/3 - 2*o**2 - 34*o. Let d be n(h). What is y(d)?
-8
Let n(l) = -3 - l + 5 - 17. Determine n(-7).
-8
Let b(k) = -4*k**2 - 80 - 91 - 4*k + 177 + 3*k**2. What is b(-4)?
6
Let v(z) = -z**3 + z**2 - 1. Let d(c) = 4*c**2. Let k be d(-1). Suppose 0 = 2*b - 12. Suppose 5*h + 3*x = 13, k*x + 0*x = -h + b. Give v(h).
-5
Let n be (1 - 3/1)*3*-1. Let b = -7 + 18. Let k(u) = b + 2*u - 3 - 3*u. Determine k(n).
2
Let a(i) = -i**3 + 10*i**2 + i - 11. Suppose 20*d - 422 = -222. Calculate a(d).
-1
Let f(b) be the second derivative of b**4/12 + b**3 - b**2 - 10*b - 3. Let o(x) = 2*x + 4. Let w be o(-3). Let s be -2 + (-1 - (2 + w)). Give f(s).
-11
Let o = 14 + -6. Let d(l) = -5 - o*l + 0*l**2 + 3*l**3 + 4*l**2 - 2*l**3 - l**2. Determine d(-5).
-15
Let w(l) = 4*l**2 - 14. Let r(a) = -3*a**2 + 2. Let g(q) = 8*r(q) + w(q). What is g(-1)?
-18
Suppose 360 = 2*a + 338. Let c(j) = 2*j - 19. Give c(a).
3
Let b(p) = -10*p**2 - 3594*p - 1 + 32*p**2 + 3596*p. Determine b(1).
23
Let l(a) = a**3 + 5*a**2 + 4. Suppose 0 = -16*f - 102 + 22. Determine l(f).
4
Let c(q) = -q**2 - 23*q - 42. Let t be c(-18). Suppose 0 = 7*s - 13 + t. Let r(v) = v**3 + 4*v**2 - 5*v + 3. Give r(s).
3
Suppose 6*n = -32 + 14. Let r(g) = -g**2 - g + 3. What is r(n)?
-3
Let u(c) = -5*c + 12. Let o(q) = -q**3 + 5*q**2 + 23*q + 11. Let v be o(8). Determine u(v).
-3
Let p(o) be the first derivative of o**5/60 - 7*o**4/24 + 2*o**3/3 + 7*o**2 - 11. Let k(r) be the second derivative of p(r). Determine k(3).
-8
Let j be 4/(-4) + -2 + -3. Let o(p) = 12*p - 38. Let d(c) = -4*c + 12. Let l(y) = -19*d(y) - 6*o(y). Calculate l(j).
-24
Let b(w) = -3*w**2 - 1. Suppose -3*k - 3*u + 6 = 0, -u + 5*u - 8 = 0. Suppose -5*s = -s + 20, 2*n + 3*s + 17 = k. Let m = n - 1. What is b(m)?
-13
Let b(h) = -h**3 - 5*h**2 - 5*h - 4. Let v(z) = 3*z**3 + 14*z**2 + 14*z + 11. Let n(i) = -17*b(i) - 6*v(i). What is n(2)?
0
Let p(m) be the first derivative of -m**3/3 + 3*m**2 + 7*m + 1. Let f be (-4 + 26)/(-2)*-2. Suppose 5*d - d - 3*c = 19, -f = -4*d + 2*c. What is p(d)?
0
Let m(j) = 4*j**3 + j**2 - 1. Suppose -5*c - 23 + 18 = 0. What is m(c)?
-4
Let z(l) be the first derivative of 4*l + l**3 + 4 + 0*l**3 - 4*l. Let d be z(-1). Let t(n) = n**3 - 2*n**2 - 3*n. Give t(d).
0
Let m(a) be the first derivative of 7*a**2 + 15*a - 1. Let o(k) = 5*k + 5. Let z(p) = -4*m(p) + 11*o(p). Suppose 11*q - 8 = 13*q. Give z(q).
-1
Let d(f) = -6*f - 16. Let w(v) = -7*v - 18. Let n(k) = 6*d(k) - 5*w(k). Suppose 0 = 4*b + 2*u - u + 32, 3*u - 40 = 5*b. Determine n(b).
2
Suppose -4*u - 38 + 166 = 0. Let p be u/18 - (-4)/18. Let n(r) = 2*r - 5. Let q(d) = 6*d - 14. Let w(y) = 8*n(y) - 3*q(y). Give w(p).
-2
Suppose 5*j + 13 = -p, -3*j = 4*p + 2 - 1. Let f(s) = 3*s + 4*s - p + 1 - s. What is f(1)?
5
Let j(n) be the second derivative of -n**3/3 - 4*n**2 + 29*n. What is j(0)?
-8
Let l(t) be the first derivative of -t**2/2 + 13*t - 62. Determine l(5).
8
Let z be -6 - 9/(-3) - 2. Let m(r) be the first derivative of r**2/2 + 4*r - 84. What is m(z)?
-1
Let t(c) = -c**2 - 4*c + 2. Suppose 42 = -m + 5*m + 2*w, -2*m + 5*w = -51. Let u = -10 + m. Give t(u).
-19
Let q(f) = -4*f + 1. Let k be 126/33 + -2*7/(-77). What is q(k)?
-15
Let j(s) be the third derivative of -s**5/60 - s**4/4 - s**3/2 - s**2 + 11. Determine j(-2).
5
Let u(b) be the first derivative of b**5/20 - b**3/3 - b**2/2 - 21*b - 4. Let q(d) be the first derivative of u(d). What is q(-1)?
0
Suppose 7*r - 3*r = -2*x - 6, -4 = -2*r. Let u(h) = -h - 4. Let y be u(x). Let a(c) = y + 3 + c**3 - 5 - c**2. What is a(1)?
1
Let j(g) be the third derivative of -g**7/840 + 7*g**6/360 - g**5/24 + 5*g**4/24 + g**3/2 + 9*g**2. Let i(r) be the first derivative of j(r). Calculate i(6).
11
Let b(y) = 11*y + 2. Let i(q) = 25*q - 74. Let s be i(3). What is b(s)?
13
Let g(t) = 3*t - 12. Let f be g(8). Let o be (-27)/(-162) - (-46)/f. Let w(d) = -d**3 + 3*d**2 + 5*d - 5. What is w(o)?
-1
Suppose 0 = -3*r - w - 3, 13 = -2*r + 3*w. Let t(j) = j**2 - j - 1. Let s be t(r). Let q(u) = -u**2 + 7*u - 1. What is q(s)?
9
Let x(q) be the third derivative of q**2 - 1/24*q**4 - 4*q + 13/120*q**6 + 0 + 0*q**3 - 1/60*q**5. Calculate x(-1).
-13
Let d = 19 + -4. Let j(b) = 9*b - 28*b - 1 + d*b. Let s = -7 - -8. Calculate j(s).
-5
Let f = 450 + -454. Let d(x) = -x**2 - 4*x + 1. Determine d(f).
1
Let g(k) = -3 - 3 - 7*k**2 + 13*k**2 - 4*k + 6*k - 7*k**2. Calculate g(4).
-14
Let z = 17 + -13. Suppose 0 = z*u - 5*h + 40, 3*u + u + 2*h + 12 = 0. Let c(x) = -2*x - 5. Calculate c(u).
5
Let r(o) = 1 + 16*o + 15*o + 3*o + 0. What is r(1)?
35
Let k be -2 - (-77)/(-6 - 5). Let u(z) = 4*z - 10 + 5*z + 3 - 8*z**2 - z**3. Determine u(k).
-7
Let r(i) be the first derivative of -i**4/4 + 5*i**3/3 + 3*i**2 + 2*i + 2. Suppose -4*x + 0*x = -80. Let g = x - 14. What is r(g)?
2
Let c(t) = -2*t - 21. Let j be c(-12). Suppose 2*m + 4 = -j*p - 3*m, 3*p = -4*m - 5. Let q(n) = -n**3 - 3*n**2 - 3*n - 4. Give q(p).
5
Let a(m) = 3*m - 3 + 6 + 6 - 1 - m. Calculate a(-6).
-4
Let a = -268 + 274. Let w(d) = -d**2 + 7*d - 4. Calculate w(a).
2
Suppose 10 - 4 = y. Let p(a) = 8 - a**2 - 3*a + 11*a - 5*a + 0*a. Give p(y).
-10
Let r(h) be the third derivative of h**4/24 - 2*h**2. Let x = -28 + 49. Let f be -4 + -2 + 9 + x/(-7). What is r(f)?
0
Let h(k) = -k + 3. Suppose 6*v = 849 - 873. Give h(v).
7
Let m(z) = -z + 3. Let r be m(12). Let n(t) = -t - 9. What is n(r)?
0
Let m(n) = -2*n**3 + 100*n**2 - 5*n + 251. Let a be m(50). Let c(f) = -30*f**3 + f - 1. Calculate c(a).
-30
Suppose -a = -0*a + d + 12, 3*a + 2*d = -32. Let o be 4 - 0 - (a - -8). Let j(r) = o - r + 0*r + 4*r - 2*r. Determine j(-2).
2
Let t(m) = 4*m - 1. Let o(h) = -h**2 - 11*h + 34. Let s be o(-14). Let a be 9*(-1 + 2)*1. Let v = s + a. Calculate t(v).
3
Let l(s) = s**2 + 8*s + 6. Let r(j) = j**3 + 14*j**2 + 17*j + 23. Let u be r(-13). Suppose -5*f = 5, -3*k + f - 6*f = -61. Let g = k + u. Give l(g).
-1
Suppose 9 = 2*z - m, 0*z - 3*z - 4 = -5*m. Suppose z*g - 2*g = 25. Let d(y) = -g - y**2 + 3*y - 7*y